{"id":32,"date":"2013-01-16T14:07:45","date_gmt":"2013-01-16T14:07:45","guid":{"rendered":"https:\/\/julianaburigo.com.br\/blog\/?page_id=32"},"modified":"2025-10-06T18:08:00","modified_gmt":"2025-10-06T21:08:00","slug":"contato","status":"publish","type":"page","link":"https:\/\/julianaburigo.com.br\/blog\/contato\/","title":{"rendered":"Contato"},"content":{"rendered":"<p><em><strong>Telefones para Contato<\/strong><\/em><\/p>\n<p>Celular \/ WhatsApp : +55 (48) 99633-8882 \u00a0ou +55 (48) 99603-0141<\/p>\n<p><em><strong>E-mail para Contato<\/strong><\/em><\/p>\n<p><span style=\"font-weight: 400;\">contato@julianaburigo.com.br<\/span><\/p>\n<p><em><strong>Hor\u00e1rio de Atendimento<\/strong><\/em><\/p>\n<p><em>De Segunda \u00e0 Sexta-feira<\/em><br \/>\nDas 09:00h \u00e0s 21:00h (n\u00e3o fecha ao meio-dia)<\/p>\n<p><em>S\u00e1bado e Domingo\u00a0<\/em><br \/>\n(mediante agendamento pr\u00e9vio)<\/p>\n<p><em><strong>Localiza\u00e7\u00e3o<\/strong><\/em><\/p>\n<p>Rua Coronel Pedro Benedet, 505, Edif\u00edcio Millenium Sa\u00fade Center, sala 610, Sexto Andar. Centro. Crici\u00fama &#8211; Santa Catarina, Brasil .<br \/>\nCEP 88.801-302<\/p>\n<p>Estacionamento gratuito para os clientes, atr\u00e1s do Edif\u00edcio Millennium, <em><strong>segunda entrada \u00e0 esquerda<\/strong><\/em>, com acesso \u00e0 Rua Jo\u00e3o Cechinel.<\/p>\n<p><span style=\"color: #003664;\"><strong>VEJA NO MAPA<\/strong><\/span><\/p>\n<p><iframe loading=\"lazy\" src=\"http:\/\/maps.google.com.br\/maps?f=q&amp;source=s_q&amp;hl=pt-BR&amp;geocode=&amp;q=Dentista+Juliana+B%C3%BArigo+-+Rua+Coronel+Pedro+Benedet,+505,+Crici%C3%BAma+-+Santa+Catarina&amp;aq=0&amp;oq=Juliana+Rua+Coronel+Pedro+Benedet+-+505,+Crici%C3%BAma+-+Santa+Catarina&amp;sll=-28.675543,-49.365978&amp;sspn=0.006354,0.011362&amp;g=Rua+Coronel+Pedro+Benedet+-+505,+Crici%C3%BAma+-+Santa+Catarina&amp;ie=UTF8&amp;hq=Dentista+Juliana+B%C3%BArigo+-&amp;hnear=R.+Cel.+Pedro+Benedet,+505+-+Crici%C3%BAma+-+Santa+Catarina,+88801-250&amp;t=m&amp;cid=1046129503082945665&amp;ll=-28.664307,-49.36183&amp;spn=0.026359,0.036478&amp;z=14&amp;iwloc=A&amp;output=embed\" width=\"425\" height=\"350\" frameborder=\"0\" marginwidth=\"0\" marginheight=\"0\" scrolling=\"no\"><\/iframe><br \/>\n<small><a style=\"color: #0000ff; text-align: left;\" href=\"http:\/\/maps.google.com.br\/maps?f=q&amp;source=embed&amp;hl=pt-BR&amp;geocode=&amp;q=Dentista+Juliana+B%C3%BArigo+-+Rua+Coronel+Pedro+Benedet,+505,+Crici%C3%BAma+-+Santa+Catarina&amp;aq=0&amp;oq=Juliana+Rua+Coronel+Pedro+Benedet+-+505,+Crici%C3%BAma+-+Santa+Catarina&amp;sll=-28.675543,-49.365978&amp;sspn=0.006354,0.011362&amp;g=Rua+Coronel+Pedro+Benedet+-+505,+Crici%C3%BAma+-+Santa+Catarina&amp;ie=UTF8&amp;hq=Dentista+Juliana+B%C3%BArigo+-&amp;hnear=R.+Cel.+Pedro+Benedet,+505+-+Crici%C3%BAma+-+Santa+Catarina,+88801-250&amp;t=m&amp;cid=1046129503082945665&amp;ll=-28.664307,-49.36183&amp;spn=0.026359,0.036478&amp;z=14&amp;iwloc=A\">Exibir mapa ampliado<\/a><\/small><\/p>\n","protected":false},"excerpt":{"rendered":"<p>Telefones para Contato Celular \/ WhatsApp : +55 (48) 99633-8882 \u00a0ou +55 (48) 99603-0141 E-mail para Contato contato@julianaburigo.com.br Hor\u00e1rio de Atendimento De Segunda \u00e0 Sexta-feira Das 09:00h \u00e0s 21:00h (n\u00e3o fecha ao meio-dia) S\u00e1bado e Domingo\u00a0 (mediante agendamento pr\u00e9vio) Localiza\u00e7\u00e3o Rua Coronel Pedro Benedet, 505, Edif\u00edcio Millenium Sa\u00fade Center, sala 610, Sexto Andar. Centro. Crici\u00fama [&hellip;]<\/p>\n","protected":false},"author":1,"featured_media":0,"parent":0,"menu_order":0,"comment_status":"closed","ping_status":"closed","template":"","meta":{"footnotes":""},"class_list":["post-32","page","type-page","status-publish","hentry"],"_links":{"self":[{"href":"https:\/\/julianaburigo.com.br\/blog\/wp-json\/wp\/v2\/pages\/32","targetHints":{"allow":["GET"]}}],"collection":[{"href":"https:\/\/julianaburigo.com.br\/blog\/wp-json\/wp\/v2\/pages"}],"about":[{"href":"https:\/\/julianaburigo.com.br\/blog\/wp-json\/wp\/v2\/types\/page"}],"author":[{"embeddable":true,"href":"https:\/\/julianaburigo.com.br\/blog\/wp-json\/wp\/v2\/users\/1"}],"replies":[{"embeddable":true,"href":"https:\/\/julianaburigo.com.br\/blog\/wp-json\/wp\/v2\/comments?post=32"}],"version-history":[{"count":19,"href":"https:\/\/julianaburigo.com.br\/blog\/wp-json\/wp\/v2\/pages\/32\/revisions"}],"predecessor-version":[{"id":2479,"href":"https:\/\/julianaburigo.com.br\/blog\/wp-json\/wp\/v2\/pages\/32\/revisions\/2479"}],"wp:attachment":[{"href":"https:\/\/julianaburigo.com.br\/blog\/wp-json\/wp\/v2\/media?parent=32"}],"curies":[{"name":"wp","href":"https:\/\/api.w.org\/{rel}","templated":true}]}}